{"id":254,"date":"2021-07-21T12:40:48","date_gmt":"2021-07-21T10:40:48","guid":{"rendered":"https:\/\/naehzentrum-horand.de\/neu\/?page_id=254"},"modified":"2021-07-21T12:40:49","modified_gmt":"2021-07-21T10:40:49","slug":"wolle-2","status":"publish","type":"page","link":"https:\/\/naehzentrum-horand.de\/?page_id=254","title":{"rendered":"Wolle"},"content":{"rendered":"\n<p>Auch wenn Sie lieber stricken als n\u00e4hen, werden Sie bei uns f\u00fcndig. Wir f\u00fchren ganzj\u00e4hrig eine Auswahl hochwertiger Wolle und dazu passender Stricknadeln. Entdecken Sie im Sommer Baumwolle zum Stricken und im Winter warme Wolle in kr\u00e4ftigen Farben f\u00fcr tr\u00fcbe Tage.<\/p>\n","protected":false},"excerpt":{"rendered":"<p>Auch wenn Sie lieber stricken als n\u00e4hen, werden Sie bei uns f\u00fcndig. Wir f\u00fchren ganzj\u00e4hrig eine Auswahl hochwertiger Wolle und dazu passender Stricknadeln. Entdecken Sie im Sommer Baumwolle zum Stricken und im Winter warme Wolle in kr\u00e4ftigen Farben f\u00fcr tr\u00fcbe Tage.<\/p>\n","protected":false},"author":1,"featured_media":0,"parent":0,"menu_order":0,"comment_status":"closed","ping_status":"closed","template":"","meta":{"footnotes":""},"class_list":["post-254","page","type-page","status-publish","czr-hentry"],"yoast_head":"<!-- This site is optimized with the Yoast SEO plugin v25.9 - https:\/\/yoast.com\/wordpress\/plugins\/seo\/ -->\n<title>Wolle - N\u00e4hzentrum Horand in Ansbach<\/title>\n<meta name=\"robots\" content=\"index, follow, max-snippet:-1, max-image-preview:large, max-video-preview:-1\" \/>\n<link rel=\"canonical\" href=\"https:\/\/naehzentrum-horand.de\/?page_id=254\" \/>\n<meta property=\"og:locale\" content=\"de_DE\" \/>\n<meta property=\"og:type\" content=\"article\" \/>\n<meta property=\"og:title\" content=\"Wolle - N\u00e4hzentrum Horand in Ansbach\" \/>\n<meta property=\"og:description\" content=\"Auch wenn Sie lieber stricken als n\u00e4hen, werden Sie bei uns f\u00fcndig. Wir f\u00fchren ganzj\u00e4hrig eine Auswahl hochwertiger Wolle und dazu passender Stricknadeln. Entdecken Sie im Sommer Baumwolle zum Stricken und im Winter warme Wolle in kr\u00e4ftigen Farben f\u00fcr tr\u00fcbe Tage.\" \/>\n<meta property=\"og:url\" content=\"https:\/\/naehzentrum-horand.de\/?page_id=254\" \/>\n<meta property=\"og:site_name\" content=\"N\u00e4hzentrum Horand in Ansbach\" \/>\n<meta property=\"article:publisher\" content=\"https:\/\/www.facebook.com\/naehzentrumhorand\" \/>\n<meta property=\"article:modified_time\" content=\"2021-07-21T10:40:49+00:00\" \/>\n<meta name=\"twitter:card\" content=\"summary_large_image\" \/>\n<script type=\"application\/ld+json\" class=\"yoast-schema-graph\">{\"@context\":\"https:\/\/schema.org\",\"@graph\":[{\"@type\":\"WebPage\",\"@id\":\"https:\/\/naehzentrum-horand.de\/?page_id=254\",\"url\":\"https:\/\/naehzentrum-horand.de\/?page_id=254\",\"name\":\"Wolle - N\u00e4hzentrum Horand in Ansbach\",\"isPartOf\":{\"@id\":\"https:\/\/naehzentrum-horand.de\/#website\"},\"datePublished\":\"2021-07-21T10:40:48+00:00\",\"dateModified\":\"2021-07-21T10:40:49+00:00\",\"breadcrumb\":{\"@id\":\"https:\/\/naehzentrum-horand.de\/?page_id=254#breadcrumb\"},\"inLanguage\":\"de\",\"potentialAction\":[{\"@type\":\"ReadAction\",\"target\":[\"https:\/\/naehzentrum-horand.de\/?page_id=254\"]}]},{\"@type\":\"BreadcrumbList\",\"@id\":\"https:\/\/naehzentrum-horand.de\/?page_id=254#breadcrumb\",\"itemListElement\":[{\"@type\":\"ListItem\",\"position\":1,\"name\":\"Startseite\",\"item\":\"https:\/\/naehzentrum-horand.de\/\"},{\"@type\":\"ListItem\",\"position\":2,\"name\":\"Wolle\"}]},{\"@type\":\"WebSite\",\"@id\":\"https:\/\/naehzentrum-horand.de\/#website\",\"url\":\"https:\/\/naehzentrum-horand.de\/\",\"name\":\"N\u00e4hzentrum Horand in Ansbach\",\"description\":\"\",\"publisher\":{\"@id\":\"https:\/\/naehzentrum-horand.de\/#organization\"},\"potentialAction\":[{\"@type\":\"SearchAction\",\"target\":{\"@type\":\"EntryPoint\",\"urlTemplate\":\"https:\/\/naehzentrum-horand.de\/?s={search_term_string}\"},\"query-input\":{\"@type\":\"PropertyValueSpecification\",\"valueRequired\":true,\"valueName\":\"search_term_string\"}}],\"inLanguage\":\"de\"},{\"@type\":\"Organization\",\"@id\":\"https:\/\/naehzentrum-horand.de\/#organization\",\"name\":\"N\u00e4hzentrum Horand in Ansbach\",\"url\":\"https:\/\/naehzentrum-horand.de\/\",\"logo\":{\"@type\":\"ImageObject\",\"inLanguage\":\"de\",\"@id\":\"https:\/\/naehzentrum-horand.de\/#\/schema\/logo\/image\/\",\"url\":\"https:\/\/naehzentrum-horand.de\/wp-content\/uploads\/2021\/02\/horand_NZ.jpg\",\"contentUrl\":\"https:\/\/naehzentrum-horand.de\/wp-content\/uploads\/2021\/02\/horand_NZ.jpg\",\"width\":894,\"height\":204,\"caption\":\"N\u00e4hzentrum Horand in Ansbach\"},\"image\":{\"@id\":\"https:\/\/naehzentrum-horand.de\/#\/schema\/logo\/image\/\"},\"sameAs\":[\"https:\/\/www.facebook.com\/naehzentrumhorand\",\"https:\/\/www.instagram.com\/naehzentrum_horand\/\"]}]}<\/script>\n<!-- \/ Yoast SEO plugin. -->","yoast_head_json":{"title":"Wolle - N\u00e4hzentrum Horand in Ansbach","robots":{"index":"index","follow":"follow","max-snippet":"max-snippet:-1","max-image-preview":"max-image-preview:large","max-video-preview":"max-video-preview:-1"},"canonical":"https:\/\/naehzentrum-horand.de\/?page_id=254","og_locale":"de_DE","og_type":"article","og_title":"Wolle - N\u00e4hzentrum Horand in Ansbach","og_description":"Auch wenn Sie lieber stricken als n\u00e4hen, werden Sie bei uns f\u00fcndig. Wir f\u00fchren ganzj\u00e4hrig eine Auswahl hochwertiger Wolle und dazu passender Stricknadeln. Entdecken Sie im Sommer Baumwolle zum Stricken und im Winter warme Wolle in kr\u00e4ftigen Farben f\u00fcr tr\u00fcbe Tage.","og_url":"https:\/\/naehzentrum-horand.de\/?page_id=254","og_site_name":"N\u00e4hzentrum Horand in Ansbach","article_publisher":"https:\/\/www.facebook.com\/naehzentrumhorand","article_modified_time":"2021-07-21T10:40:49+00:00","twitter_card":"summary_large_image","schema":{"@context":"https:\/\/schema.org","@graph":[{"@type":"WebPage","@id":"https:\/\/naehzentrum-horand.de\/?page_id=254","url":"https:\/\/naehzentrum-horand.de\/?page_id=254","name":"Wolle - N\u00e4hzentrum Horand in Ansbach","isPartOf":{"@id":"https:\/\/naehzentrum-horand.de\/#website"},"datePublished":"2021-07-21T10:40:48+00:00","dateModified":"2021-07-21T10:40:49+00:00","breadcrumb":{"@id":"https:\/\/naehzentrum-horand.de\/?page_id=254#breadcrumb"},"inLanguage":"de","potentialAction":[{"@type":"ReadAction","target":["https:\/\/naehzentrum-horand.de\/?page_id=254"]}]},{"@type":"BreadcrumbList","@id":"https:\/\/naehzentrum-horand.de\/?page_id=254#breadcrumb","itemListElement":[{"@type":"ListItem","position":1,"name":"Startseite","item":"https:\/\/naehzentrum-horand.de\/"},{"@type":"ListItem","position":2,"name":"Wolle"}]},{"@type":"WebSite","@id":"https:\/\/naehzentrum-horand.de\/#website","url":"https:\/\/naehzentrum-horand.de\/","name":"N\u00e4hzentrum Horand in Ansbach","description":"","publisher":{"@id":"https:\/\/naehzentrum-horand.de\/#organization"},"potentialAction":[{"@type":"SearchAction","target":{"@type":"EntryPoint","urlTemplate":"https:\/\/naehzentrum-horand.de\/?s={search_term_string}"},"query-input":{"@type":"PropertyValueSpecification","valueRequired":true,"valueName":"search_term_string"}}],"inLanguage":"de"},{"@type":"Organization","@id":"https:\/\/naehzentrum-horand.de\/#organization","name":"N\u00e4hzentrum Horand in Ansbach","url":"https:\/\/naehzentrum-horand.de\/","logo":{"@type":"ImageObject","inLanguage":"de","@id":"https:\/\/naehzentrum-horand.de\/#\/schema\/logo\/image\/","url":"https:\/\/naehzentrum-horand.de\/wp-content\/uploads\/2021\/02\/horand_NZ.jpg","contentUrl":"https:\/\/naehzentrum-horand.de\/wp-content\/uploads\/2021\/02\/horand_NZ.jpg","width":894,"height":204,"caption":"N\u00e4hzentrum Horand in Ansbach"},"image":{"@id":"https:\/\/naehzentrum-horand.de\/#\/schema\/logo\/image\/"},"sameAs":["https:\/\/www.facebook.com\/naehzentrumhorand","https:\/\/www.instagram.com\/naehzentrum_horand\/"]}]}},"_links":{"self":[{"href":"https:\/\/naehzentrum-horand.de\/index.php?rest_route=\/wp\/v2\/pages\/254","targetHints":{"allow":["GET"]}}],"collection":[{"href":"https:\/\/naehzentrum-horand.de\/index.php?rest_route=\/wp\/v2\/pages"}],"about":[{"href":"https:\/\/naehzentrum-horand.de\/index.php?rest_route=\/wp\/v2\/types\/page"}],"author":[{"embeddable":true,"href":"https:\/\/naehzentrum-horand.de\/index.php?rest_route=\/wp\/v2\/users\/1"}],"replies":[{"embeddable":true,"href":"https:\/\/naehzentrum-horand.de\/index.php?rest_route=%2Fwp%2Fv2%2Fcomments&post=254"}],"version-history":[{"count":1,"href":"https:\/\/naehzentrum-horand.de\/index.php?rest_route=\/wp\/v2\/pages\/254\/revisions"}],"predecessor-version":[{"id":255,"href":"https:\/\/naehzentrum-horand.de\/index.php?rest_route=\/wp\/v2\/pages\/254\/revisions\/255"}],"wp:attachment":[{"href":"https:\/\/naehzentrum-horand.de\/index.php?rest_route=%2Fwp%2Fv2%2Fmedia&parent=254"}],"curies":[{"name":"wp","href":"https:\/\/api.w.org\/{rel}","templated":true}]}}

<p>Auch wenn Sie lieber stricken als nähen, werden Sie bei uns fündig. Wir führen ganzjährig eine Auswahl hochwertiger Wolle und dazu passender Stricknadeln. Entdecken Sie im Sommer Baumwolle zum Stricken und im Winter warme Wolle in kräftigen Farben für trübe Tage.</p>

<!-- This site is optimized with the Yoast SEO plugin v25.9 - https://yoast.com/wordpress/plugins/seo/ -->
<title>Wolle - Nähzentrum Horand in Ansbach</title>
<meta name="robots" content="index, follow, max-snippet:-1, max-image-preview:large, max-video-preview:-1" />
<link rel="canonical" href="https://naehzentrum-horand.de/?page_id=254" />
<meta property="og:locale" content="de_DE" />
<meta property="og:type" content="article" />
<meta property="og:title" content="Wolle - Nähzentrum Horand in Ansbach" />
<meta property="og:description" content="Auch wenn Sie lieber stricken als nähen, werden Sie bei uns fündig. Wir führen ganzjährig eine Auswahl hochwertiger Wolle und dazu passender Stricknadeln. Entdecken Sie im Sommer Baumwolle zum Stricken und im Winter warme Wolle in kräftigen Farben für trübe Tage." />
<meta property="og:url" content="https://naehzentrum-horand.de/?page_id=254" />
<meta property="og:site_name" content="Nähzentrum Horand in Ansbach" />
<meta property="article:publisher" content="https://www.facebook.com/naehzentrumhorand" />
<meta property="article:modified_time" content="2021-07-21T10:40:49+00:00" />
<meta name="twitter:card" content="summary_large_image" />
<script type="application/ld+json" class="yoast-schema-graph">{"@context":"https://schema.org","@graph":[{"@type":"WebPage","@id":"https://naehzentrum-horand.de/?page_id=254","url":"https://naehzentrum-horand.de/?page_id=254","name":"Wolle - Nähzentrum Horand in Ansbach","isPartOf":{"@id":"https://naehzentrum-horand.de/#website"},"datePublished":"2021-07-21T10:40:48+00:00","dateModified":"2021-07-21T10:40:49+00:00","breadcrumb":{"@id":"https://naehzentrum-horand.de/?page_id=254#breadcrumb"},"inLanguage":"de","potentialAction":[{"@type":"ReadAction","target":["https://naehzentrum-horand.de/?page_id=254"]}]},{"@type":"BreadcrumbList","@id":"https://naehzentrum-horand.de/?page_id=254#breadcrumb","itemListElement":[{"@type":"ListItem","position":1,"name":"Startseite","item":"https://naehzentrum-horand.de/"},{"@type":"ListItem","position":2,"name":"Wolle"}]},{"@type":"WebSite","@id":"https://naehzentrum-horand.de/#website","url":"https://naehzentrum-horand.de/","name":"Nähzentrum Horand in Ansbach","description":"","publisher":{"@id":"https://naehzentrum-horand.de/#organization"},"potentialAction":[{"@type":"SearchAction","target":{"@type":"EntryPoint","urlTemplate":"https://naehzentrum-horand.de/?s={search_term_string}"},"query-input":{"@type":"PropertyValueSpecification","valueRequired":true,"valueName":"search_term_string"}}],"inLanguage":"de"},{"@type":"Organization","@id":"https://naehzentrum-horand.de/#organization","name":"Nähzentrum Horand in Ansbach","url":"https://naehzentrum-horand.de/","logo":{"@type":"ImageObject","inLanguage":"de","@id":"https://naehzentrum-horand.de/#/schema/logo/image/","url":"https://naehzentrum-horand.de/wp-content/uploads/2021/02/horand_NZ.jpg","contentUrl":"https://naehzentrum-horand.de/wp-content/uploads/2021/02/horand_NZ.jpg","width":894,"height":204,"caption":"Nähzentrum Horand in Ansbach"},"image":{"@id":"https://naehzentrum-horand.de/#/schema/logo/image/"},"sameAs":["https://www.facebook.com/naehzentrumhorand","https://www.instagram.com/naehzentrum_horand/"]}]}</script>
<!-- / Yoast SEO plugin. -->

Wolle - Nähzentrum Horand in Ansbach

Auch wenn Sie lieber stricken als nähen, werden Sie bei uns fündig. Wir führen ganzjährig eine Auswahl hochwertiger Wolle und dazu passender Stricknadeln. Entdecken Sie im Sommer Baumwolle zum Stricken und im Winter warme Wolle in kräftigen Farben für trübe Tage.

Nähzentrum Horand in Ansbach
